+ 5. Let r(i) be the third derivative of i**5/60 - i**4/8 - i**3/3 - i**2 + 19*i. Give r(b).
2
Let w(b) = 2 + b**2 + 5*b + 3 - 8*b - 5*b. What is w(8)?
5
Let q(o) = -o + 5. Let w(v) = 31 + 2 - 8 + 17*v - 22*v. Let n(i) = -11*q(i) + 2*w(i). Calculate n(8).
3
Let d(u) = -u**2 - 9*u + 8. Let q be d(-8). Suppose -11*b = -7*b + q. Let i(g) = 2 - g - g**2 + 0*g**2 + 2. Calculate i(b).
-8
Suppose -2*v - 6 = -c, -c - 10 = -4*c + 2*v. Suppose -c*f + 27 - 11 = 0. Let w(b) = b**3 - 7*b**2 - 7*b + 1. What is w(f)?
9
Let n(u) = 5*u + 32. Let m(w) = 2*w + 10. Let o(r) = 3*m(r) - n(r). Let j be (-3)/(-12) + (-38)/(-8). Give o(j).
3
Let i(f) be the second derivative of -f**7/840 + f**6/60 - f**5/24 + 5*f**4/24 - 17*f**3/6 - 15*f. Let v(k) be the second derivative of i(k). Give v(4).
17
Let w(r) = -2*r**2 + 3*r**2 + 12*r - 4*r + 6. Suppose 0 = -52*p + 190*p + 1104. What is w(p)?
6
Let y(m) = m**2 + 8*m + 3. Let x be y(-8). Let v = x - 1. Let n(g) = g - 2 - 3*g**2 - g**3 + 3*g**v - 2*g**2. Give n(-3).
4
Let y(j) be the third derivative of j**4/12 - 7*j**3/6 + 25*j**2 - 3. Let n = -4 - 2. Determine y(n).
-19
Let n(q) = -5*q + 38*q**3 - 3*q**2 - 105*q**3 - q**2 + 24*q**3 + 44*q**3 + 2. Let c = 7 - 2. What is n(c)?
2
Let x(r) = 8*r - 1. Let d = 2348 + -2350. Determine x(d).
-17
Let z(j) = -j**3 - 10*j**2 - 5*j. Let o(l) = -l**2 + l - 1. Let y(n) = -o(n) - z(n). Determine y(-11).
-43
Let h = -6583 + 6584. Let m(b) be the third derivative of 0*b + 0 + 0*b**4 - 1/6*b**3 + 1/15*b**5 - b**2. Calculate m(h).
3
Let a(h) = -3*h - 30. Let g be a(-8). Let t(u) = u + 8. Give t(g).
2
Suppose x = -0*x + 5. Suppose w + 0*g - 2*g = 3, 0 = 5*w + x*g + 60. Let l(q) = -q**2 - 7*q + 4. What is l(w)?
4
Let p(w) be the first derivative of 0*w - 12 + 13/2*w**2. Suppose 2*j - 2*b + 5*b = -14, -22 = 2*j + 5*b. Calculate p(j).
-13
Let v = 10 - 7. Let b(x) be the second derivative of -x**4/12 + 2*x**2 - 3*x. Let u(o) be the first derivative of b(o). Calculate u(v).
-6
Let x be 4/14 - (-664)/28. Suppose -5*l = k - x, k + 4*l = 26 - 6. Let i(z) = k*z + 3 + 4*z + 16*z**2 - 17*z**2 - 8. Determine i(6).
7
Let q(o) be the first derivative of o**4/4 - 4*o**3 + 11*o**2/2 - 10*o - 743. What is q(11)?
-10
Let y(o) = -3*o. Let a(d) = -8*d + 1. Let v(k) = 4*a(k) - 11*y(k). Calculate v(-1).
3
Let d(k) = 29*k**2 + 5*k - 16. Let z(s) = 30*s**2 + 6*s - 21. Let j(v) = 4*d(v) - 3*z(v). Calculate j(1).
27
Let a(s) = -s**2 + 6*s. Suppose o - 2*k - 8 = 0, 3*k + 2*k = -4*o + 19. Let y be 2/((o/(-9))/(-1)). Calculate a(y).
9
Let f(c) be the third derivative of -c**6/120 + 2*c**5/15 + c**4/24 - c**3/2 + 17*c**2. Let a be f(8). Let i(k) = -k**3 + 5*k**2 - 2*k + 3. Determine i(a).
-7
Let o(n) = 1 - n - 6 - 4. Suppose -2*m - 4 = 0, -f - 6 = 4*m + 2. Determine o(f).
-9
Let a = -59 + 64. Let d(s) = 5*s**2 + 6*s. Let v(y) = -y**2. Let k be -1*(0 - -1 - 2). Let m(t) = k*d(t) + 6*v(t). Give m(a).
5
Let b(l) be the third derivative of l**5/15 - l**4/8 - 7*l**2 - 4. Determine b(2).
10
Let k(z) = 1 + 5*z - 3 + 8 + 9*z - 8*z. Calculate k(-2).
-6
Suppose 0 = -2*j + 3*j + 20. Let u = j - -19. Let q(g) = -5*g. Give q(u).
5
Suppose -3*a = -0*a - 24. Let u be 33/12 + -2 + 18/a. Let w(m) = 2*m**3 - 4*m**2 - 1. Determine w(u).
17
Let t(o) be the first derivative of 2*o + 24 + 1/2*o**2 - 1/3*o**3. Give t(3).
-4
Let l(f) = -f - 3. Let r(c) = 2*c + 6. Let b(h) = -13*l(h) - 6*r(h). Suppose 2*q - 3*a - 12 = 4*q, -3*a = -2*q. Calculate b(q).
0
Let h be (16/10)/(4/10). Suppose 3*x + h = 10. Let f(g) = -1 - 3 + 0 - g + x. What is f(-6)?
4
Let g(n) = -5*n**2 + 1. Suppose -21*p + 8 = -13. What is g(p)?
-4
Let x(t) be the third derivative of -t**5/60 + 3*t**4/8 - 11*t**3/6 - 301*t**2. Give x(5).
9
Let n(b) = 5*b - 19 + 15*b - 8*b + 4*b - 2*b - b**2. Give n(13).
-6
Let a(y) = -3*y - 5. Let l(i) = 0*i + 3*i + 4*i - 2*i + 9. Let n(j) = 7*a(j) + 4*l(j). Let f(q) = q**2 + q. Let z be f(-2). Give n(z).
-1
Let b(t) = -t**3 + t**2 + t**2 - 3 - 4*t - 7*t**2. Suppose -5*c = 3*q, -5*q + 12 - 43 = -2*c. Suppose 2*s = v - 4, -v - c = 2*s + 9. Determine b(s).
-3
Let q(b) be the third derivative of -b**6/120 + b**5/15 - 5*b**4/24 + b**3/3 + 2*b**2. Let d(i) = -i**2 + 9*i + 40. Let p be d(12). Determine q(p).
-18
Suppose 11*b + 21 = 4*b. Let v(r) = -2*r**3 - 11*r**2 - 2*r + 3. Let o(c) = c**3 + c**2 + c - 1. Let n(k) = b*o(k) - v(k). Determine n(8).
-8
Let m be ((-23)/2)/23*14. Let g(h) = -h**3 - 8*h**2 - 7*h - 12. Give g(m).
-12
Let w(a) = 5*a - 2. Let k = 285 + -288. Determine w(k).
-17
Let q(z) = -4*z + 6. Suppose 0 = -b, -4*h = -2*b + 3*b - 20. Let d(j) = -j**3 + 4*j**2 + 5*j + 4. Let i be d(h). Determine q(i).
-10
Let m be 38/10 - 36/45. Suppose 0 = -c + m. Let t(d) = 2 - 9*d**3 - 2*d**2 + 10*d**c - d**2 + d. Calculate t(3).
5
Suppose 0 = -24*p + 38*p + 14. Let x(f) be the second derivative of f**5/5 - f**3/3 - f**2/2 - 3*f. What is x(p)?
-3
Suppose -35*t + 40*t - 30 = -5*y, 0 = -2*t - 5*y + 24. Let a(h) = -25*h - 3. What is a(t)?
-53
Let n(s) = s**2 + 3*s - 4. Let v(b) = -b**2 - b - 1. Let p(a) = 5*a**2 + 6*a + 7. Let q(o) = p(o) + 6*v(o). Let x(f) = n(f) + 2*q(f). Give x(3).
-2
Let s(y) = -y**2 - 9*y - 12. Let q be 92 + (-2 - (0 - 0)) + -2. Suppose -16*u + 5*u = q. Determine s(u).
-4
Let o(v) = 2*v + 9. Suppose 0 = x - 5*r - 4, 0 = -2*x - 3*x + 3*r - 24. Let p be o(x). Let i(c) = 1. Let g(z) = z + 2. Let y(m) = g(m) + 4*i(m). Give y(p).
3
Let g(c) = -3*c - 3. Let s(x) = 28*x + 23. Let f(v) = 7*v + 6. Let a(z) = -9*f(z) + 2*s(z). Let k(j) = 4*a(j) - 11*g(j). Give k(1).
6
Let k(o) be the second derivative of o**3/3 + 5*o**2/2 + 2*o + 33. Determine k(9).
23
Suppose 115 = 5*i + 125. Let s(h) be the second derivative of 2*h**3/3 - 3*h. Give s(i).
-8
Suppose -2*k + 12 = k. Let h(v) be the second derivative of 3*v + 0 + 1/3*v**3 + 1/6*v**k - 1/2*v**2 - 1/20*v**5. Determine h(2).
3
Suppose -8 - 8 = -2*y. Let c = -44 + 14. Let d be c/y + (-24)/(-32). Let x(j) = 2*j. Give x(d).
-6
Let f(c) be the second derivative of -1/6*c**3 - 33*c + 0 + 1/2*c**2. Determine f(-1).
2
Let q(t) = -4*t**2 + 6*t + 1. Let x(w) = 7*w**2 - 12*w - 2. Let p be 4/(-18) + (-188)/(-36). Let c(f) = p*q(f) + 3*x(f). Give c(5).
-6
Let j(s) = -s**3 + 50 + 2*s**2 - 35 - s**2 + 5. Determine j(0).
20
Let o be (1 - 1)/1 - (-81)/(-9). Let k(r) = r + 12. Give k(o).
3
Let j(u) = 2*u**2 - 29*u - 14. Let h be j(15). Let x(y) = y - 3. Let t(p) = p**2 - p + 4. Let q(g) = -2*t(g) - 3*x(g). Give q(h).
-2
Let p(s) be the first derivative of -s**2/2 + 8*s - 1. Let t = 0 - -6. Let i be (-2)/6 - (-26)/t. Calculate p(i).
4
Suppose 4*t - 42 = -3*t. Let j be 34/t + (28/12 - 2). Let n(p) = -p**2 + 6*p + 2. Determine n(j).
2
Let q be (-4)/(-6) - (-32)/6. Suppose q = 4*l + 5*w, -4*l + 4*w - 2*w - 8 = 0. Let v = 2 - l. Let u(c) = c**2 - 3*c. Give u(v).
0
Let q(h) = 20*h - 275. Let d be q(14). Let k(j) = -j**2 + 3*j + 2. Give k(d).
-8
Let r(o) = -49 + 176 + 13*o - 49 - 58. Calculate r(-2).
-6
Let k(z) = 0*z + 2*z + 2*z - 3*z. Let q(p) = -2*p**2 + 16*p + 4. Let n be q(8). Suppose s + 3 = n*s. Determine k(s).
1
Let g(w) = -w**3 - 6*w**2 - 8*w - 4. Let n be g(-5). Let x(c) = -2*c + 11. What is x(n)?
-11
Let d(w) = -5*w + 1. Let x(s) = -4*s + 1. Let h = 167 - 162. Let j(u) = h*d(u) - 6*x(u). Determine j(2).
-3
Suppose 3*x + 0*x - 6 = 0. Let l(h) = -h**2 + 5*h - 3. Let t(s) = -2*s**2 + 6*s - 3. Let z(c) = x*t(c) - 3*l(c). Calculate z(-5).
-7
Suppose 29*s = 27*s. Suppose 2*o = -3*h - s*o - 13, -5*h = 5*o + 25. Let a(i) = i + 3. What is a(h)?
0
Let s = 55 - 61. Let m(z) = -z**2 - 4*z + 6. Determine m(s).
-6
Let o(c) = c**3 - 5*c**2 + 2*c + 4. Suppose 0 = 4*p + 3*q - 217, 3*p - p - 4*q - 114 = 0. Let m be 2/(-11) - (-175)/p. Suppose 0 = m*b + 2 - 14. What is o(b)?
-4
Let y(f) = f**2 + 3*f. Suppose 22 = -4*x + 2. Let b be x*(4 + -8)/4. Suppose -b*p = -6 + 21. What is y(p)?
0
Let r be (-2)/(-4) - (-162)/(-4). Let h = r + 40. Let t(i) = -i + 6. Calculate t(h).
6
Let v be (-18)/(-27) + (-8)/(-6). Let p(l) = 3 - 2 - 11*l**v + 13*l + 2 - l**3 + 2. What is p(-12)?
-7
Let m be 940/6 + 30/(-45). Let o be 2/10 - m/(-20). Let u = o - 12. Let j(q) = q**2 + q + 2. What is j(u)?
14
Let i(x) be the third derivative of x**5/60 + 7*x**4/24 - 2*x**3/3 + 6*x**2. Let u = 335 + -341. What is i(u)?
-10
Let y(w) be the first derivative of -3*